t the prime factors of l.
2, 3
Let q(a) = -30*a**2 + 30*a - 3. Let h be q(-3). Let z = 12 - h. List the prime factors of z.
3, 5
Let h(u) = 41*u**2 - 206*u + 7. List the prime factors of h(24).
18679
Suppose -5*g + 3*d + 7 - 10 = 0, -g - 7 = d. Let p be -27*g/(45/(-25)). Let l = 156 + p. What are the prime factors of l?
3, 37
Suppose 32127 + 88327 = 19*s - 215846. What are the prime factors of s?
2, 3, 5, 59
Suppose 5*g + 6*g = -88. Let j(l) = 9*l**2 - 9*l - 11. Let w be j(g). Suppose w - 172 = 3*a. What are the prime factors of a?
5, 31
Let z be 85/30 + (-5)/(-30). List the prime factors of 4/(24/6798)*(z + -2).
11, 103
Let q(t) = 17*t**2 + 3*t - 81. Let u be q(-13). Let m = -1550 + u. List the prime factors of m.
3, 401
What are the prime factors of ((218/(-3))/(264/(-297)))/((-2)/(-872))?
3, 109
Suppose -2*h + 41339 = -5*w, 4*w + 37164 - 4100 = 4*h. Let y = w - -5495. List the prime factors of (y/19)/(-1*1).
2, 73
Suppose 26*h = 45*h - 114. Suppose 6324 = -h*z + 12*z. What are the prime factors of z?
2, 17, 31
Let n(v) = 22*v**2 - 45*v - 314. What are the prime factors of n(37)?
19, 1481
Let j(k) = k - 12. Let v be j(-25). Let g = v + 42. Suppose 0 = -g*y + 147 + 1113. List the prime factors of y.
2, 3, 7
Suppose -4*s + 2*r + 3684 = -4018, r = -3*s + 5774. Let a = s + -1331. List the prime factors of a.
2, 3, 11
Let y = -180 + 184. What are the prime factors of ((-145)/(-15))/(y - 406/102)?
17, 29
Let w(b) = -37*b + 2368. What are the prime factors of w(33)?
31, 37
Let x(b) = -b - 7. Let r be x(2). Let c(u) = -2*u + 140. List the prime factors of c(r).
2, 79
Suppose 6*f - 10*f = -8. Let u(z) = 6*z**3 - 2*z**2 - 5*z + 12. What are the prime factors of u(f)?
2, 3, 7
Suppose 0 = 8*q - 6*q + 7*q. Suppose -3*n - 3*h = -2*h - 8, -h + 5 = q. What are the prime factors of (-2)/1 + (95 - n)?
2, 23
Let i = 26387 + -8493. What are the prime factors of i?
2, 23, 389
Let k be (16 - 12) + 1/(-1). Suppose 4*u + 2*x + k = -3*x, 0 = -2*u + 4*x + 18. Suppose 5*z = -u + 438. What are the prime factors of z?
3, 29
Let u(k) = -k**2 - 3*k + 19. Let v be u(-6). Let q be v*(6 + -4)*-1. What are the prime factors of (-216)/q - (4 + -6 - -1)?
109
Let i(w) = -w**2 - 12*w - 13. Suppose 8*k = 4*k + 20. Suppose -k*a - 24 = z + 2*z, -3*z + 12 = -a. What are the prime factors of i(a)?
23
Suppose 0 = -d - 4*i + 2205, 0 = -3*d + 11*i - 16*i + 6636. What are the prime factors of d?
3, 739
Let v(o) = 8*o + 123. Let n be v(-16). List the prime factors of (-1182*n/(-20))/((-6)/8).
2, 197
Let a = 132 + -138. What are the prime factors of 4/a*(-211 + -2)?
2, 71
List the prime factors of (-473198)/(-22) - 112/8.
3, 5, 1433
Suppose -110*s - 15*s = -2795875. List the prime factors of s.
22367
Suppose 5*c + 127*g - 128*g = 36139, -4*g = -24. What are the prime factors of c?
7229
Suppose 573*d + 112606 = 599*d. What are the prime factors of d?
61, 71
Let s(a) = a**3 - 6*a**2 - 7*a + 4. Let m be (70/(-25))/(-2 - 8/(-5)). Let c be s(m). Suppose 0 = c*i - 0*i - 224. List the prime factors of i.
2, 7
Let k(d) = -d**3 + 5*d**2 + 13*d + 12. Let o be k(7). Suppose 0 = -g + o*v - 292, 5*g - v = 4*v - 1460. List the prime factors of g/(-3) - (-30)/45.
2, 7
Let y = 74 - 83. Let z be ((-12)/y)/((-40)/15 + 3). Suppose -p + 3*b = b - 117, 4*b - 480 = -z*p. List the prime factors of p.
7, 17
Let p(y) = 400*y - 64. Let l be p(5). What are the prime factors of 114/8*l/66?
2, 11, 19
Let a(f) = -1039*f - 673. What are the prime factors of a(-8)?
7639
Let o(q) = -q**2 - 2*q**3 + 8 - q + 0*q**3 + 3*q**3 - 5*q. Let r be o(3). Suppose -50 = -b - r. What are the prime factors of b?
2, 3, 7
Let v = 11 - 8. Let r(t) = -12*t - 6*t + 16*t + 1 + 22*t**2. List the prime factors of r(v).
193
What are the prime factors of ((-15)/6)/(30/(-66168))?
2, 3, 919
Let a(c) = 15*c**2 - 83*c + 353. What are the prime factors of a(-33)?
19427
Let g(z) be the second derivative of 131*z**4/12 - z**3/6 + z**2/2 - 64*z. Suppose f - 8 + 7 = 0. What are the prime factors of g(f)?
131
Suppose 6*q = 4*q + 3*q. Suppose 10*z - 11*z - 516 = q. List the prime factors of (2 - 30/9)/(8/z).
2, 43
Let f(u) = u + 8. Let m be 4/(-42)*-3 + (-520)/56. Let h = -3 - m. What are the prime factors of f(h)?
2, 7
Let a(f) = f + 2. Let d be a(-6). Let n(g) = 26*g**2 + 17*g + 76. What are the prime factors of n(d)?
2, 53
Let w(t) = -2*t**3 + 19*t**2 - 11*t + 18. Let s be w(9). Suppose -6*k + 3*k - 2*o + 1575 = s, -2629 = -5*k - 2*o. What are the prime factors of k?
17, 31
Let w = -1848 - -5628. Suppose 435*f + w = 445*f. What are the prime factors of f?
2, 3, 7
What are the prime factors of -5*(5 + (-1049208)/60)*(-9)/(-21)?
3, 12487
Suppose -3*n = 5*h - 66185, -29*n + 3*h = -31*n + 44122. What are the prime factors of n?
5, 11, 401
Suppose 0 = -25*y - 1303 + 71478. Suppose -6*i - y = -9437. List the prime factors of i.
5, 13, 17
Let s = -427 + 1475. What are the prime factors of s?
2, 131
Suppose -7 = 4*m + l - 59, -2*m = -3*l - 26. Suppose -17*t - u = -m*t - 2041, 5*t = -4*u + 2554. List the prime factors of t.
2, 3, 5, 17
Let c(o) = -o**3 - 31*o**2 + 129*o + 33. Let r be c(-34). Let q = r - -2493. What are the prime factors of q?
2, 3, 67
Let o be 4 + 321*20/15. Suppose -15*z - o = -18*z. What are the prime factors of z?
2, 3
Let q(x) = x**3 + 6*x**2 - 23*x - 7. Let j be q(3). Suppose -j*c + 3292 = -883. What are the prime factors of c?
5, 167
Suppose -25 = -5*z - 5*t, -2*z - 4*t = -7 - 5. Suppose -z*d - 58 + 2138 = 0. List the prime factors of d.
2, 5, 13
Let g be (-2)/((2/(-5))/((-12)/15)). Let f be (17/(-4) - 1)*g. Let y = 38 - f. List the prime factors of y.
17
Let z = 82 - 69. Let a(t) = -3*t + 150. List the prime factors of a(z).
3, 37
Let h = -65 + 74. Let w(j) = -9*j - 47. Let r(d) = 37*d + 189. Let m(q) = h*w(q) + 2*r(q). What are the prime factors of m(-26)?
137
Suppose -3*n + 59 = 5*y, 0*y - 5*n = 2*y - 35. Suppose 0 = 2*p - y, 3*p = 3*m - 55 - 182. Let f = m - 33. List the prime factors of f.
3, 17
Let u(i) = -8*i + 14. Let w(x) = -13*x + 33. Let r(n) = -7*n + 16. Let y(m) = 5*r(m) - 2*w(m). Let v(z) = 3*u(z) - 4*y(z). What are the prime factors of v(7)?
2, 5, 7
Let h be 229 + 2 + (-3)/3. Suppose 5*c + 4446 = 4*o, -15*o + 16*o = 2*c + 1110. Suppose h + o = 7*b. List the prime factors of b.
2, 3
Let p = 72 - 69. Let z = p - -474. What are the prime factors of z?
3, 53
Let a be 5*-4*(-2)/40. Let m(z) = 307*z**2 - z - 1. List the prime factors of m(a).
5, 61
Let t = 363 + -463. What are the prime factors of (13*7/(-14))/(1/t)?
2, 5, 13
Let u(d) = 454*d - 12. Let m = -87 + 88. List the prime factors of u(m).
2, 13, 17
Let d(r) = 9*r - 49. Let x be d(21). Let t = x - -291. List the prime factors of t.
431
Let h(f) = 5*f**2 + 5*f + 13. Let a(v) = -3*v - 26. Let d be a(-10). Suppose d*y + 3 = -21. What are the prime factors of h(y)?
163
Suppose 0 = 18*i - 78 + 42. What are the prime factors of i/7 - 404*115/(-70)?
2, 83
Let g(t) = -t**3 + 10*t**2 + 10*t + 15. Let u be g(11). Suppose -4*q - u*r - r = -2480, -4*r - 641 = -q. Suppose 5*x = 210 + q. List the prime factors of x.
167
Suppose 7*f + 2*h - 178 = 5*f, h + 95 = f. Let n = f + 1551. What are the prime factors of n?
31, 53
Suppose -7*u + 54116 + 170753 = -95500. What are the prime factors of u?
45767
Suppose -2504483 - 62216 - 124275 = -143*l. List the prime factors of l.
2, 97
Let n = -59 - -31. Let d = n + 36. Suppose -52 = 7*g - d*g. List the prime factors of g.
2, 13
Let i be (14/3)/(-3 + (-22)/(-6)). Suppose i + 71 = w. Suppose -5*h + w + 187 = 0. What are the prime factors of h?
53
Let i(m) = 108*m**2 + 28 + 101*m**2 - 206*m**2 + 72*m. List the prime factors of i(-25).
103
Suppose 2*p = 3*x - x + 208, -2*p + 193 = 3*x. Suppose 3*n - p = -17. Let r = n - 23. What are the prime factors of r?
5
Suppose -1200*o + 1205*o = 60195. What are the prime factors of o?
3, 4013
Let m be 12/((-96)/40) + (-96)/(-3). List the prime factors of (-754)/(-30) - m/((-1620)/(-8)).
5
Let m = 4885 + -2180. What are the prime factors of m?
5, 541
Let d = 37652 + -22382. List the prime factors of d.
2, 3, 5, 509
Let c(f) = 2640*f + 507. List the prime factors of c(3).
3, 53
Suppose 277 = -9*n - 308. What are the prime factors of ((-4)/10 - (-39)/n)*-929?
929
Suppose 2*l - 298 = l. Suppose -4*a = 6*q - 5*q 